et v be (-1)/2 - x/6. Suppose -v*w + 67 = -8. What is the tens digit of w?
1
Let k = 5 + 29. What is the tens digit of k?
3
Let o = 46 - 26. Suppose o = 3*j - 16. What is the units digit of j?
2
Let s(c) = -c**3 + 12*c**2 + 3. Let n be s(11). Suppose 5*x - 2*k = n, -4*x + 2*k + 2*k = -92. What is the tens digit of x?
2
Let r(q) = -q**3 - 5*q**2 + 8*q. Let j be r(-7). Suppose -j = -0*t - 3*t. Let h = -8 + t. What is the units digit of h?
6
Let d = 9 - 13. Let g be -1*3/(3/d). Suppose -4*w = -3*w - g. What is the units digit of w?
4
Suppose -29 - 61 = -3*v. What is the tens digit of v?
3
Let m = 26 + 23. What is the tens digit of m?
4
Let z be ((-2)/6)/((-3)/252). Suppose -4*f + 3*d = f - 186, 0 = 5*d - 15. Let k = f - z. What is the tens digit of k?
1
Let u = 13 + -6. Let i(p) = 7*p. Let n(x) = -6*x + 1. Let b(w) = -4*i(w) - 5*n(w). What is the units digit of b(u)?
9
Let k(c) = c**3 - 5*c**2 + 9*c + 3. Let q(y) = -3*y**3 + 10*y**2 - 18*y - 6. Let x(t) = -5*k(t) - 2*q(t). What is the tens digit of x(-6)?
1
Let y(k) = -47*k + 20. What is the tens digit of y(-4)?
0
Let z(g) = 2*g**3 - 2*g**2 + 3*g - 1. What is the tens digit of z(2)?
1
Let j(t) = -2*t**3 - 6*t**2 + 7*t + 11. What is the units digit of j(-6)?
5
Let y(j) = -j + 4. Let c be y(-5). What is the units digit of 2/(-9) + 47/c?
5
What is the units digit of (-258)/(-10) + 8/40?
6
Suppose -3*g + 15 = -0*g. What is the units digit of g?
5
Let p(a) = a**3 + 6*a**2 + 2*a - 3. Let f(u) = 7*u**3 + u**2 - 5*u + 2. Let m be f(3). Let b be m/(-35) - (-2)/7. What is the units digit of p(b)?
2
Let m = -14 + 11. Suppose 19 + 11 = -3*x + 4*n, -5*x + n = 33. What is the units digit of (20/x + -2)*m?
6
Suppose 4*y = -3*r + 2*y + 544, -5*r = -4*y - 870. What is the tens digit of r?
7
Suppose -a + 6 = -0*a. Suppose 0 = -d + a. What is the units digit of (d/4)/((-3)/(-18))?
9
Suppose -2*u + 9*w = 4*w - 22, 0 = -u - w + 25. What is the units digit of u?
1
Let d = -6 - -9. Suppose 6 = d*z + 3*y, -3 = y - 0*y. What is the units digit of z?
5
Let y be 1*((-6 - -2) + -1). Let k = y - -12. What is the units digit of k?
7
Let n(d) = 2*d**2 - 10*d + 1. Suppose 4*y - 9 = -3*r, 5*r - 3*r = 4*y + 26. What is the units digit of n(r)?
9
Let f = -5 + 6. What is the units digit of f*13 - 0/(-4)?
3
Suppose -t = 3*t - 900. What is the units digit of t?
5
Let s(u) = -u**2 - 6*u - 1. Suppose -8*j = -3*j + 30. Let f be s(j). Let a = 6 + f. What is the units digit of a?
5
Suppose -3*f + 31 = -5*x, 0 = 3*f + 2*f - 3*x - 25. Suppose l = -0*l + f. What is the units digit of l?
2
Suppose b + 2 - 4 = 0. What is the tens digit of 33/b*(-10)/(-15)?
1
Let n(a) = -a**3 - 16*a**2 - 2*a - 24. Let o be n(-16). Suppose 4 = 4*t - o. What is the units digit of t?
3
Let m(z) = z**2 + 3*z - 7. What is the tens digit of m(3)?
1
Suppose 5*a = q + q + 25, 0 = 3*q + 2*a - 10. Suppose q = 4*w - 30 - 14. What is the units digit of w?
1
Let o(c) = c**3 + 3*c**2 - 5*c - 2. Let q be o(-4). Let n be (4 - 3)/(q/6). Suppose 3*w - 14 = -s, w = 5*w - 3*s + n. What is the units digit of w?
3
Suppose -144 = 15*x - 17*x. What is the units digit of x?
2
Suppose -4 - 4 = -4*q. What is the units digit of q?
2
What is the units digit of -8*((-124)/16)/1?
2
Let s(n) be the second derivative of -n**6/720 - n**5/20 - n**4/12 + n. Let g(t) be the third derivative of s(t). What is the units digit of g(-7)?
1
Suppose 3*j + 98 = 3*r + 5, 0 = -5*r - j + 173. What is the tens digit of r?
3
Suppose 0*h = -4*h. Suppose -22 = -5*p - i + 4*i, -i + 1 = h. What is the units digit of p?
5
Let u(b) = -17*b + 23 - 23 - 14*b. What is the units digit of u(-1)?
1
Let h(z) = -z**2 + 12*z - 3. What is the units digit of h(9)?
4
What is the tens digit of 36/(-162) - 254*2/(-18)?
2
Suppose -j + 3*v + 29 = 0, -v = -4*j + 52 + 42. What is the units digit of j?
3
Suppose 3*g = 4*x - 53, x - 7 = 4*g - 2*g. Let m = 2 + x. What is the units digit of m?
9
Let x be (-24)/(-10)*20/6. Suppose -u + 27 = x. What is the units digit of u?
9
Suppose 521 = 5*p - 3*x, 0*p - x = p - 101. Suppose 32 = 5*k - p. What is the units digit of k?
7
Let x = -526 + 770. What is the hundreds digit of x?
2
Suppose 23 = -0*p + 3*p + 5*d, -4*p = d - 25. Suppose 4*k = -p + 58. What is the units digit of k?
3
Let l(n) = -2*n + 3. Let o(t) = 4*t - 5. Let d(i) = -11*l(i) - 6*o(i). Let h be d(-2). Suppose 5 = 2*k + h. What is the units digit of k?
2
Suppose 5*h - 65 - 45 = 0. What is the tens digit of h?
2
Suppose 5*b - 805 = l, -455 = -3*b - 2*l - 3*l. What is the tens digit of b?
6
Suppose -5*a + 85 = -20. Suppose -a - 47 = -4*b. What is the units digit of b?
7
Let l(t) = -t**3 + t**2. Let x = 8 + -3. Suppose 9 = -i + 3*z - 1, x*i - 10 = -5*z. What is the units digit of l(i)?
2
Let i(n) = -n**3 + 7*n**2 + 4*n - 6. Let g be i(7). What is the tens digit of 4/22 + 568/g?
2
Let u(y) = y**2 + 5*y + 9. Suppose 3*m + 18 = p, m + 2*p + 6 = p. What is the units digit of u(m)?
5
Suppose 3*l + l - 24 = 0. What is the tens digit of (-49)/(-2) - l/(-12)?
2
Suppose 4*f - 8 = -0*f. Suppose f*p = -3*p + 90. What is the units digit of p?
8
Let c = 53 + -20. What is the units digit of c?
3
Let m be (1 + -3 + -21)/(-1). Let z be 8/(-10)*(-120)/16. Suppose -5*w = 3*y - 36, -5*y + m = -z*w + 2*w. What is the units digit of y?
7
Suppose 0 = -b - b + 8. Suppose -l + 1 = -4, -b*c = -2*l + 2. What is the units digit of c/(0 + 2) - -3?
4
Suppose s + n = 1 + 1, 2 = 2*n. Let k be (1/2)/s*2. Let f = k + 7. What is the units digit of f?
8
Let m be (-2 + 3)/((-1)/9). What is the units digit of 56/9 + 2/m?
6
Suppose 1 + 422 = 3*i. Suppose -126 = -4*r + 4*u - 10, -i = -4*r - u. What is the units digit of r?
4
What is the tens digit of (5/20 + -4)*-32?
2
Suppose 215 = s + 4*d, 0 = -0*d - 2*d - 4. What is the hundreds digit of s?
2
Let n = -20 + 48. What is the tens digit of n?
2
Let n = -18 - -20. What is the units digit of n/3*42/4?
7
Let m be (12/(-10))/((-2)/(-5)). What is the units digit of 1/m - 20/(-6)?
3
Suppose 252 = 5*x + 3*y, -268 = -5*x + 5*y - 48. What is the units digit of x?
8
What is the tens digit of (42/(-2))/((-30)/40)?
2
Let v = -27 - -16. Let r = v - -5. Let i = -5 - r. What is the units digit of i?
1
Suppose -1 + 7 = 3*b. Suppose -2 = -b*c + 4*a - 6, 3*c - 19 = a. What is the units digit of c?
8
Let u(l) = -l + 1. Let y(p) = -p**3 - 3*p**2 - 7. Let h(v) = 5*u(v) + y(v). What is the units digit of h(-3)?
3
Let p(r) = -r + 1. Let o(v) = 5*v**2 - 7. Let a(s) = o(s) + 4*p(s). What is the units digit of a(-2)?
5
Let a(b) = b**3 + 4*b**2 - 5*b + 3. Let r be a(-5). Suppose 0 = -2*t + r*t - 15. What is the tens digit of t?
1
Let i(f) = f**3 - 7*f**2 + 5*f - 2. Let c be i(6). Let s be (10/15)/(2/(-6)). Let l = s - c. What is the units digit of l?
6
Let v(o) = 2*o - 8. What is the units digit of v(8)?
8
Let v(s) = -s**2 + 10*s - 6. Let w(g) = -g - 3. Let d be w(-4). Let z(l) = l - 1. Let b(j) = d*v(j) - 2*z(j). What is the units digit of b(6)?
8
Let t be (52/(-10))/((-10)/25). What is the tens digit of (7/2)/(t/52)?
1
Let o be (1*6)/(-3 + 2). Let a be 19/(-7) + o/21. What is the units digit of -25*-2*a/(-15)?
0
Suppose -3*b + 8 = -b. Suppose -r + 26 = -b*r + 4*z, -2*r + 2*z = 18. Let s = r + 13. What is the units digit of s?
3
Let r(c) = -2 + c**3 + 0*c**3 + 6 - 2 + 6*c**2 - 7*c. Let x be r(-7). Suppose y - x = 4. What is the units digit of y?
6
Let x = 31 - -8. What is the tens digit of x?
3
Let f be (-260)/(-45) - (-2)/9. What is the units digit of ((-4)/6)/(f/(-27))?
3
Let x(w) = 33*w**2 - 1. Let r(j) = -j**3 + 3*j**2 + 3*j + 3. Let y be r(4). Let h be x(y). Suppose 0 = 3*v - h + 5. What is the units digit of v?
9
Let b(x) = -2*x - 8. Let o be b(-6). Let q = o + -2. Suppose -d + 3*f = q, -3*d + 7*d = f + 3. What is the units digit of d?
1
Let a(i) = 8*i - 10. What is the units digit of a(5)?
0
Let b(w) = -w**3 - 6*w**2 - 3*w + 11. What is the tens digit of b(-6)?
2
Let t(w) = -w**2 - 20*w. What is the units digit of t(-12)?
6
Let y(f) = f**3 - 7*f**2 - 10*f + 3. Let a be -4*(-1)/(-2) - -10. Let c be y(a). Let k = c + 27. What is the tens digit of k?
1
Suppose -16*r + 1653 + 1371 = 0. What is the tens digit of r?
8
Let y be 2/6 - (-30)/(-9). Let v be 1*(2 - 3/y). Suppose 0 = j + 3*k - v, 2*j + 3*k - 8 = -2*k. What is the units digit of j?
9